er when 62 is divided by 11.
7
Calculate the remainder when 142 is divided by 27.
7
Calculate the remainder when 542 is divided by 254.
34
Calculate the remainder when 73 is divided by 40.
33
Calculate the remainder when 511 is divided by 65.
56
What is the remainder when 276 is divided by 24?
12
Calculate the remainder when 1430 is divided by 41.
36
What is the remainder when 414 is divided by 183?
48
What is the remainder when 4521 is divided by 62?
57
Calculate the remainder when 5279 is divided by 96.
95
What is the remainder when 44 is divided by 9?
8
What is the remainder when 196 is divided by 17?
9
What is the remainder when 988 is divided by 22?
20
Calculate the remainder when 521 is divided by 73.
10
Calculate the remainder when 548 is divided by 50.
48
Calculate the remainder when 1224 is divided by 249.
228
Calculate the remainder when 291 is divided by 42.
39
What is the remainder when 5045 is divided by 29?
28
Calculate the remainder when 715 is divided by 24.
19
What is the remainder when 65 is divided by 17?
14
Calculate the remainder when 5307 is divided by 333.
312
What is the remainder when 90 is divided by 13?
12
What is the remainder when 174 is divided by 4?
2
What is the remainder when 126 is divided by 68?
58
Calculate the remainder when 958 is divided by 35.
13
Calculate the remainder when 288 is divided by 81.
45
Calculate the remainder when 216 is divided by 21.
6
What is the remainder when 286 is divided by 150?
136
What is the remainder when 85 is divided by 46?
39
What is the remainder when 487 is divided by 123?
118
What is the remainder when 657 is divided by 226?
205
What is the remainder when 141 is divided by 36?
33
Calculate the remainder when 5362 is divided by 14.
0
What is the remainder when 51 is divided by 37?
14
What is the remainder when 2218 is divided by 37?
35
What is the remainder when 179 is divided by 12?
11
Calculate the remainder when 795 is divided by 795.
0
What is the remainder when 77 is divided by 20?
17
What is the remainder when 395 is divided by 6?
5
Calculate the remainder when 184 is divided by 33.
19
Calculate the remainder when 754 is divided by 28.
26
Calculate the remainder when 162 is divided by 70.
22
Calculate the remainder when 142 is divided by 74.
68
What is the remainder when 134 is divided by 35?
29
What is the remainder when 195 is divided by 40?
35
Calculate the remainder when 7830 is divided by 20.
10
Calculate the remainder when 116 is divided by 12.
8
Calculate the remainder when 11 is divided by 5.
1
Calculate the remainder when 923 is divided by 33.
32
What is the remainder when 346 is divided by 25?
21
Calculate the remainder when 1312 is divided by 13.
12
Calculate the remainder when 2406 is divided by 7.
5
What is the remainder when 6434 is divided by 111?
107
Calculate the remainder when 2381 is divided by 53.
49
Calculate the remainder when 130 is divided by 34.
28
What is the remainder when 300 is divided by 9?
3
What is the remainder when 458 is divided by 8?
2
What is the remainder when 551 is divided by 20?
11
What is the remainder when 529 is divided by 89?
84
What is the remainder when 88 is divided by 22?
0
What is the remainder when 166 is divided by 34?
30
Calculate the remainder when 267 is divided by 77.
36
Calculate the remainder when 408 is divided by 151.
106
What is the remainder when 175 is divided by 47?
34
What is the remainder when 348 is divided by 40?
28
What is the remainder when 655 is divided by 8?
7
What is the remainder when 579 is divided by 102?
69
Calculate the remainder when 2452 is divided by 274.
260
Calculate the remainder when 308 is divided by 17.
2
What is the remainder when 581 is divided by 63?
14
Calculate the remainder when 135 is divided by 67.
1
Calculate the remainder when 875 is divided by 173.
10
Calculate the remainder when 247 is divided by 18.
13
Calculate the remainder when 211 is divided by 5.
1
What is the remainder when 155 is divided by 79?
76
What is the remainder when 81 is divided by 22?
15
Calculate the remainder when 71 is divided by 24.
23
What is the remainder when 268 is divided by 90?
88
What is the remainder when 184 is divided by 27?
22
What is the remainder when 91 is divided by 32?
27
What is the remainder when 1618 is divided by 200?
18
What is the remainder when 44979 is divided by 63?
60
What is the remainder when 3256 is divided by 18?
16
What is the remainder when 2315 is divided by 758?
41
What is the remainder when 88 is divided by 26?
10
Calculate the remainder when 6590 is divided by 28.
10
What is the remainder when 134 is divided by 23?
19
Calculate the remainder when 147 is divided by 25.
22
Calculate the remainder when 128 is divided by 35.
23
What is the remainder when 112 is divided by 29?
25
What is the remainder when 12 is divided by 10?
2
Calculate the remainder when 361 is divided by 16.
9
Calculate the remainder when 458 is divided by 6.
2
What is the remainder when 1871 is divided by 8?
7
What is the remainder when 1710 is divided by 474?
288
Calculate the remainder when 107 is divided by 22.
19
Calculate the remainder when 554 is divided by 5.
4
Calculate the remainder when 504 is divided by 245.
14
Calculate the remainder when 431 is divided by 18.
17
What is the remainder when 622 is divided by 208?
206
What is the remainder when 114 is divided by 55?
4
Calculate the remainder when 2681 is divided by 39.
29
Calculate the remainder when 222 is divided by 51.
18
What is the remainder when 14235 is divided by 226?
223
What is the remainder when 43 is divided by 13?
4
What is the remainder when 433 is divided by 28?
13
Calculate the remainder when 5364 is divided by 122.
118
Calculate the remainder when 165 is divided by 27.
3
What is the remainder when 214 is divided by 149?
65
Calculate the remainder when 27539 is divided by 135.
134
What is the remainder when 66 is divided by 14?
10
Calculate the remainder when 8348 is divided by 232.
228
Calculate the remainder when 362 is divided by 32.
10
What is the remainder when 97 is divided by 31?
4
What is the remainder when 5 is divided by 5?
0
Calculate the remainder when 313 is divided by 111.
91
Calculate the remainder when 87 is divided by 22.
21
Calculate the remainder when 1205 is divided by 101.
94
What is the remainder when 4314 is divided by 1073?
22
What is the remainder when 447 is divided by 30?
27
What is the remainder when 3150 is divided by 16?
14
Calculate the remainder when 408 is divided by 20.
8
What is the remainder when 366 is divided by 278?
88
Calculate the remainder when 89 is divided by 34.
21
What is the remainder when 3342 is divided by 93?
87
Calculate the remainder when 2635 is divided by 1316.
3
What is the remainder when 4292 is divided by 42?
8
What is the remainder when 1407 is divided by 44?
43
What is the remainder when 241 is divided by 14?
3
What is the remainder when 669 is divided by 32?
29
Calculate the remainder when 392 is divided by 196.
0
Calculate the remainder when 1856 is divided by 4.
0
What is the remainder when 286 is divided by 10?
6
Calculate the remainder when 330 is divided by 83.
81
What is the remainder when 682 is divided by 7?
3
What is the remainder when 238 is divided by 80?
78
What is the remainder when 118 is divided by 34?
16
Calculate the remainder when 188 is divided by 49.
41
Calculate the remainder when 48 is divided by 31.
17
What is the remainder when 658 is divided by 316?
26
Calculate the remainder when 3444 is divided by 108.
96
What is the remainder when 19512 is divided by 13?
12
What is the remainder when 190 is divided by 65?
60
Calculate the remainder when 567 is divided by 76.
35
What is the remainder when 122 is divided by 33?
23
What is the remainder when 316 is divided by 160?
156
Calculate the remainder when 1088 is divided by 121.
120
What is the remainder when 1486 is divided by 365?
26
What is the remainder when 1005 is divided by 16?
13
Calculate the remainder when 301 is divided by 128.
45
Calculate the remainder when 1142 is divided by 189.
8
Calculate the remainder when 206 is divided by 44.
30
Calculate the remainder when 122 is divided by 39.
5
What is the remainder when 342 is divided by 213?
129
What is the remainder when 219 is divi